{"id":160,"date":"2026-02-28T19:57:15","date_gmt":"2026-02-28T19:57:15","guid":{"rendered":"https:\/\/www.pjsmconsulting.com\/?page_id=160"},"modified":"2026-02-28T20:00:19","modified_gmt":"2026-02-28T20:00:19","slug":"avisos-legais","status":"publish","type":"page","link":"https:\/\/www.pjsmconsulting.com\/index.php\/avisos-legais\/","title":{"rendered":"Avisos Legais"},"content":{"rendered":"\n<h3 class=\"wp-block-heading\"><strong>Resolu\u00e7\u00e3o de Lit\u00edgios de Consumo<\/strong><\/h3>\n\n\n\n<p>Em caso de lit\u00edgio, o consumidor pode recorrer a uma Entidade de Resolu\u00e7\u00e3o Alternativa de Lit\u00edgios de Consumo:<\/p>\n\n\n<div class=\"wp-block-image\">\n<figure class=\"alignleft\"><a href=\"http:\/\/www.centroarbitragemlisboa.pt\" target=\"_blank\" rel=\"noreferrer noopener\"><img decoding=\"async\" src=\"https:\/\/www.referenciaveterinaria.pt\/wp-content\/uploads\/2018\/12\/CACCL_s.png\" alt=\"\" class=\"wp-image-1908\"\/><\/a><\/figure>\n<\/div>\n\n\n<p>Centro de Arbitragem de Conflitos de Consumo de Lisboa<\/p>\n\n\n\n<p>www.centroarbitragemlisboa.pt<\/p>\n\n\n\n<p>Rua dos Douradores, 116 &#8211; 2\u00ba, 110-207 Lisboa. Tel. +351 218 807 000 \/ Fax +351 218 807 038<\/p>\n\n\n\n<p>Mais informa\u00e7\u00f5es em Portal do Consumidor &#8211; www.consumidor.pt<\/p>\n\n\n\n<h3 class=\"wp-block-heading\"><strong>Condi\u00e7\u00f5es de Utiliza\u00e7\u00e3o<\/strong><\/h3>\n\n\n\n<p>Ao aceder e consultar este s\u00edtio concorda sem restri\u00e7\u00f5es com as seguintes condi\u00e7\u00f5es de utiliza\u00e7\u00e3o:<\/p>\n\n\n\n<p>Todo o conte\u00fado deste s\u00edtio da Internet \u00e9 propriedade ou \u00e9 controlado pela PJSM Consulting Une est\u00e1 protegido pelas leis internacionais do <em>copyright<\/em>. Pode realizar transfer\u00eancias do conte\u00fado apenas para uso pessoal para fins n\u00e3o comerciais, n\u00e3o sendo permitidas a modifica\u00e7\u00e3o ou posterior reprodu\u00e7\u00e3o do conte\u00fado sem a autoriza\u00e7\u00e3o expressa, por escrito, dos autores. De outro modo, o conte\u00fado n\u00e3o pode ser copiado ou usado de qualquer forma.<\/p>\n\n\n\n<p>Os propriet\u00e1rios deste s\u00edtio far\u00e3o os poss\u00edveis para incluir informa\u00e7\u00e3o actualizada e exacta neste s\u00edtio da Internet mas n\u00e3o apresentam declara\u00e7\u00f5es, garantias ou certezas quanto \u00e0 exactid\u00e3o, aceita\u00e7\u00e3o ou integridade da informa\u00e7\u00e3o disponibilizada.<\/p>\n\n\n\n<p>Os propriet\u00e1rios deste s\u00edtio n\u00e3o poder\u00e3o ser responsabilizados por quaisquer danos ou preju\u00edzos resultantes do seu acesso, ou incapacidade de acesso, a este s\u00edtio da Internet, ou da sua depend\u00eancia em rela\u00e7\u00e3o a qualquer informa\u00e7\u00e3o fornecida neste s\u00edtio da Internet. Este s\u00edtio da Internet pode apresentar liga\u00e7\u00f5es ou refer\u00eancias a outros s\u00edtios de Internet, mas os propriet\u00e1rios deste s\u00edtio de Internet n\u00e3o poder\u00e3o ser da deten\u00e7\u00e3o de qualquer responsabilidade pelo conte\u00fado de s\u00edtios de Internet de Terceiros e n\u00e3o poder\u00e3o ser responsabilizados por quaisquer danos ou preju\u00edzos resultantes desses conte\u00fados.<\/p>\n\n\n\n<p>Quaisquer liga\u00e7\u00f5es para outros s\u00edtios de Internet s\u00e3o meramente apresentados como uma comodidade para os utilizadores deste s\u00edtio da Internet. Qualquer informa\u00e7\u00e3o pessoal identific\u00e1vel em comunica\u00e7\u00f5es electr\u00f3nicas para este s\u00edtio de Internet \u00e9 regulada pela Pol\u00edtica de Privacidade do mesmo.<\/p>\n\n\n\n<p>Os propriet\u00e1rios deste s\u00edtio de Internet ser\u00e3o livres de usar ou copiar todas as outras informa\u00e7\u00f5es em tais comunica\u00e7\u00f5es, incluindo quaisquer ideias, inven\u00e7\u00f5es, conceitos, t\u00e9cnicas ou conhecimentos ali divulgados, para quaisquer fins. Tais fins podem incluir a divulga\u00e7\u00e3o a terceiros e\/ou o desenvolvimento, o fabrico e\/ou a comercializa\u00e7\u00e3o de bens e servi\u00e7os.<\/p>\n\n\n\n<p>O remetente de quaisquer comunica\u00e7\u00f5es para este s\u00edtio da Internet ou, de outro modo, para os propriet\u00e1rios deste s\u00edtio de Internet ser\u00e1 respons\u00e1vel pelo conte\u00fado e informa\u00e7\u00f5es ali contidas, incluindo a sua autenticidade e exactid\u00e3o. O conte\u00fado deste s\u00edtio destina-se a ser um servi\u00e7o prestado aos seus visitantes. Em qualquer altura, o propriet\u00e1rio ser\u00e1 livre de corrigir qualquer conte\u00fado deste s\u00edtio de Internet sem aviso pr\u00e9vio.<\/p>\n\n\n\n<h3 class=\"wp-block-heading\"><strong>Cookies<\/strong><\/h3>\n\n\n\n<p>Quando o Utilizador visita este s\u00edtio de Internet podemos colocar determinadas informa\u00e7\u00f5es no seu computador ou dispositivo m\u00f3vel sob a forma de um \u00abcookie\u00bb; isto permite-nos reconhec\u00ea-lo (quando lemos o cookie) automaticamente na pr\u00f3xima vez que visitar o nosso endere\u00e7o de Internet.<\/p>\n\n\n\n<p>Os cookies podem ajudar-nos de v\u00e1rias formas. Por exemplo, podem permitir-nos adaptar este s\u00edtio para se adeq\u00fae melhor \u00e0s necessidades do Utilizador ou armazenar a sua palavra-passe para n\u00e3o ter que a inserir cada vez que acede a este s\u00edtio de Internet.<\/p>\n\n\n\n<p>Pode optar por aceitar ou recusar os cookies. Se recusar cookies, \u00e9 poss\u00edvel que determinadas ofertas, funcionalidades ou recursos do nosso s\u00edtio de Internet n\u00e3o funcionem correctamente e que tenha alguns inconvenientes ou perda de funcionalidades.<\/p>\n\n\n\n<p>Para mais informa\u00e7\u00f5es sobre cookies:&nbsp;<a href=\"https:\/\/msdn.microsoft.com\/pt-br\/library\/ms178194%28v=vs.100%29.aspx?f=255&amp;MSPPError=-2147217396\">Vis\u00e3o Geral de Cookies do ASP.NET<\/a><\/p>\n\n\n\n<h3 class=\"wp-block-heading\"><strong>Livro de Reclama\u00e7\u00f5es\/Elogios Electr\u00f3nico<\/strong><\/h3>\n\n\n\n<p>Este estabelecimento disp\u00f5e de livro de reclama\u00e7\u00f5es f\u00edsico e de Livro de Reclama\u00e7\u00f5es\/Elogios electr\u00f3nico. Para aceder, visite o endere\u00e7o <a href=\"https:\/\/www.livroreclamacoes.pt\/\">www.livrodereclamacoes.pt<\/a> ou clique na imagem seguinte:<br><\/p>\n\n\n\n<figure class=\"wp-block-image size-full\"><img loading=\"lazy\" decoding=\"async\" width=\"500\" height=\"207\" src=\"https:\/\/www.pjsmconsulting.com\/wp-content\/uploads\/2026\/02\/livro_reclamacoes1.png\" alt=\"\" class=\"wp-image-161\" srcset=\"https:\/\/www.pjsmconsulting.com\/wp-content\/uploads\/2026\/02\/livro_reclamacoes1.png 500w, https:\/\/www.pjsmconsulting.com\/wp-content\/uploads\/2026\/02\/livro_reclamacoes1-300x124.png 300w\" sizes=\"auto, (max-width: 500px) 100vw, 500px\" \/><\/figure>\n","protected":false},"excerpt":{"rendered":"<p>Resolu\u00e7\u00e3o de Lit\u00edgios de Consumo Em caso de lit\u00edgio, o consumidor pode recorrer a uma Entidade de Resolu\u00e7\u00e3o Alternativa de Lit\u00edgios de Consumo: Centro de Arbitragem de Conflitos de Consumo de Lisboa www.centroarbitragemlisboa.pt Rua dos Douradores, 116 &#8211; 2\u00ba, 110-207 Lisboa. Tel. +351 218 807 000 \/ Fax +351 218 [&hellip;]<\/p>\n","protected":false},"author":2,"featured_media":0,"parent":0,"menu_order":0,"comment_status":"closed","ping_status":"closed","template":"","meta":{"_themeisle_gutenberg_block_has_review":false,"footnotes":""},"class_list":["post-160","page","type-page","status-publish","hentry"],"_links":{"self":[{"href":"https:\/\/www.pjsmconsulting.com\/index.php\/wp-json\/wp\/v2\/pages\/160","targetHints":{"allow":["GET"]}}],"collection":[{"href":"https:\/\/www.pjsmconsulting.com\/index.php\/wp-json\/wp\/v2\/pages"}],"about":[{"href":"https:\/\/www.pjsmconsulting.com\/index.php\/wp-json\/wp\/v2\/types\/page"}],"author":[{"embeddable":true,"href":"https:\/\/www.pjsmconsulting.com\/index.php\/wp-json\/wp\/v2\/users\/2"}],"replies":[{"embeddable":true,"href":"https:\/\/www.pjsmconsulting.com\/index.php\/wp-json\/wp\/v2\/comments?post=160"}],"version-history":[{"count":2,"href":"https:\/\/www.pjsmconsulting.com\/index.php\/wp-json\/wp\/v2\/pages\/160\/revisions"}],"predecessor-version":[{"id":164,"href":"https:\/\/www.pjsmconsulting.com\/index.php\/wp-json\/wp\/v2\/pages\/160\/revisions\/164"}],"wp:attachment":[{"href":"https:\/\/www.pjsmconsulting.com\/index.php\/wp-json\/wp\/v2\/media?parent=160"}],"curies":[{"name":"wp","href":"https:\/\/api.w.org\/{rel}","templated":true}]}}